399. Give h(-64).
-1
Let i(q) = -2*q**2 - 18*q + 1794. Give i(-35).
-26
Let c(v) = -788*v - 7112. What is c(-9)?
-20
Let g(k) = -60*k**2 - 106*k + 226. Determine g(9).
-5588
Let y(q) = 389*q**2 - 57*q - 36. Give y(-1).
410
Let w(k) = -2*k**3 + 30*k**2 - 302*k + 4325. Calculate w(15).
-205
Let p(o) = 404*o**3 + 31917*o**2 + 82*o + 246. Determine p(-79).
9
Let w(o) = -o**3 + 50*o**2 - 196*o + 5064. What is w(48)?
264
Let q(d) = d**3 - 251*d**2 - 1040*d + 5108. What is q(255)?
8
Let n(v) = 187*v - 6440. Calculate n(35).
105
Let y(p) = -12499*p + 1524883. Calculate y(122).
5
Let v(p) = -783*p + 959950. Determine v(1226).
-8
Let u(f) = f**3 + 145*f**2 + 3914*f - 1132. What is u(-109)?
-42
Let v(w) = w**3 + 4*w**2 + 446*w + 2200. Give v(-5).
-55
Let p(u) = 7*u**3 - 69*u**2 - 67*u + 447. Calculate p(10).
-123
Let p(h) = -112*h**3 + 25231*h**2 - 6973*h - 439. Determine p(225).
11
Let z(p) = -17539369*p + 105236213. Give z(6).
-1
Let x(j) = -12786*j + 4641311. What is x(363)?
-7
Let m(b) = -4357*b + 44112. Give m(10).
542
Let m(l) = 3*l**3 + 2*l**2 - 3*l. What is m(1)?
2
Let a(q) = -q**3 + 7*q**2 - 69*q + 638. What is a(8)?
22
Let o(x) = 3*x**3 - 13*x**2 - 1043*x - 147. What is o(21)?
0
Let y(t) = t**3 - 34*t**2 - 613*t - 590. Calculate y(-12).
142
Let l(t) = -75*t**2 - 62839*t + 9220. Calculate l(-838).
2
Let i(n) = 4*n**3 + 93*n**2 - 121*n + 1287. Give i(-25).
-63
Let n(y) = -9*y**2 + 980*y - 3709. Calculate n(105).
-34
Let n(r) = r**2 + 1881*r + 522695. Give n(-1542).
-43
Let x(o) = 3*o**3 - 86*o**2 - 4208*o + 119386. Give x(28).
-6
Let o(d) = 2001*d + 76023. Give o(-38).
-15
Let n(q) = -q**3 + 9*q**2 - 113*q + 2297. Calculate n(16).
-1303
Let r(x) = -x**2 - 1667*x - 3. What is r(0)?
-3
Let t(z) = z**2 - 167*z + 6462. Calculate t(119).
750
Let g(z) = 54194*z + 162587. What is g(-3)?
5
Let l(r) = -r**3 + 33*r**2 + 121*r - 4005. What is l(33)?
-12
Let r(p) = -p**2 - 2154*p - 568563. What is r(-308)?
5
Let w(p) = 129*p + 4463. Calculate w(-22).
1625
Let x(f) = -7*f**2 - 38*f + 300. Give x(-13).
-389
Let c(f) = -8411*f + 393. Determine c(0).
393
Let f(v) = 968*v + 17994. Determine f(-19).
-398
Let c(z) = 60*z - 2074. Calculate c(43).
506
Let x(z) = -4*z**3 + 2924*z**2 - 37336*z - 3. What is x(718)?
-3
Let g(v) = -978*v - 43639. Determine g(-45).
371
Let d(g) = 1960*g - 5354. Calculate d(3).
526
Let c(d) = d**2 + 3875*d - 62277. Calculate c(16).
-21
Let q(u) = -16782*u + 268518. What is q(16)?
6
Let x(h) = h**3 - 24*h**2 - 3954*h + 101473. Give x(26).
21
Let w(r) = -r**3 - 12*r**2 + 867*r + 79. Determine w(24).
151
Let o(g) = -g**2 - 1708*g - 42092. Determine o(-25).
-17
Let a(y) = 3*y**3 + 214*y**2 - 149*y - 13. Determine a(-72).
347
Let s(w) = -1673*w**3 + 40*w**2 - 37*w - 3. Give s(1).
-1673
Let f(b) = -3093*b - 77247. Determine f(-25).
78
Let w(l) = -1615*l**2 + 9720*l - 178. What is w(6)?
2
Let z(h) = 979*h + 198737. Give z(-203).
0
Let p(h) = 3*h**3 - 455*h**2 + 2865*h + 5037. Determine p(145).
-38
Let d(l) = -169*l**2 + 6939*l - 434. Determine d(41).
-24
Let z(k) = -2*k**3 + 235*k**2 - 2802*k - 575. Calculate z(104).
49
Let i(s) = s**3 - 2*s**2 - 220*s - 611. Give i(-3).
4
Let n(w) = -2*w**3 + 6*w**2 - 26*w + 87. Give n(3).
9
Let y(g) = -g**2 + 8362*g - 2426361. Determine y(301).
0
Let w(q) = -q**3 + 1797*q**2 - 5390*q + 32. Give w(3).
8
Let a(q) = -91969*q + 735549. Determine a(8).
-203
Let o(i) = i**3 + 57*i**2 + 3718*i + 218993. What is o(-58)?
-15
Let b(m) = -m**3 + 14*m**2 - 30*m + 672. Give b(13).
451
Let f(j) = -4*j**2 - 185708*j + 928647. Give f(5).
7
Let y(r) = 3*r**3 - 164*r**2 - 13166*r - 145. Calculate y(99).
-46
Let a(z) = -166*z + 4670. Give a(27).
188
Let w(y) = 6*y**2 + 5297*y + 14. Calculate w(0).
14
Let g(m) = -m**3 - 26*m**2 + 13*m + 43. Calculate g(-19).
-2731
Let u(t) = -122*t**3 - 6832*t**2 + 18*t + 1002. Calculate u(-56).
-6
Let c(m) = -m**3 + 36*m**2 - 239*m + 2054. What is c(10)?
2264
Let r(o) = o**3 - 281*o**2 - 140*o + 39344. What is r(281)?
4
Let d(z) = -157*z**3 + 13*z**2 - 18*z - 30. Determine d(-1).
158
Let u(g) = g**3 + 184*g**2 + 2979*g - 2068. Calculate u(-166).
-574
Let y(d) = d**3 - 3*d**2 + 44*d - 358. Determine y(0).
-358
Let g(j) = 63*j - 1194. Give g(12).
-438
Let c(j) = 82443*j - 329749. Calculate c(4).
23
Let w(y) = -614*y - 65200. Give w(-106).
-116
Let i(d) = 2*d**3 + 51*d**2 + 304*d - 11. Calculate i(-7).
-326
Let r(g) = 491*g + 41501. Determine r(-84).
257
Let c(w) = -2493*w**2 + 17436*w - 11. Determine c(7).
-116
Let k(u) = -117*u**3 - 1873*u**2 - 52*u - 564. Give k(-16).
12
Let i(u) = -u**2 - 69*u + 3120. What is i(-100)?
20
Let f(x) = -x**2 + 413*x - 42228. Calculate f(226).
34
Let o(f) = -f**2 - 652*f + 59379. Calculate o(81).
6
Let k(u) = -u**2 - 17415*u + 575783. Calculate k(33).
-1
Let u(i) = 1543*i - 5617. Determine u(4).
555
Let i(b) = 44*b - 779. Determine i(-24).
-1835
Let v(m) = 460*m**2 - 368*m + 367. What is v(1)?
459
Let w(g) = -7*g**3 - 90*g**2 - 260*g - 64. What is w(-10)?
536
Let v(j) = j**3 + 2*j**2 - 364*j + 197. Calculate v(18).
125
Let j(x) = 6*x**2 + 135370*x - 1218388. Determine j(9).
428
Let c(m) = -m**3 + 41*m**2 - 141*m - 4540. Calculate c(17).
-1
Let u(b) = -15260*b**2 - 91573*b - 75. What is u(-6)?
3
Let i(p) = -170766*p + 1195387. Calculate i(7).
25
Let u(n) = 17514*n + 11. Calculate u(0).
11
Let g(o) = -o**2 + 107*o + 911. What is g(-11)?
-387
Let t(l) = l**3 - 62*l**2 + 557*l + 42. What is t(11)?
-2
Let o(m) = -m**3 + 303*m**2 + 18068*m + 725. Give o(-51).
11
Let u(q) = 3*q**2 - 276*q - 4002. Calculate u(-21).
3117
Let i(r) = -2*r**3 + 22*r**2 + 2748*r - 32744. What is i(12)?
-56
Let c(g) = 135697*g - 3120926. Calculate c(23).
105
Let r(h) = 3*h**3 - 93*h**2 + 544*h + 343. Determine r(9).
-107
Let q(y) = 11642*y + 197876. What is q(-17)?
-38
Let r(u) = 2836*u + 14080. Give r(-5).
-100
Let f(q) = -6*q**2 + 98*q + 490. What is f(-4)?
2
Let v(y) = 2155*y + 10716. Give v(-5).
-59
Let k(q) = q**3 + 79*q**2 + 322*q + 1626. Determine k(-75).
-24
Let t(q) = 3*q**3 - 224*q**2 - 1771*q - 378. Calculate t(-7).
14
Let i(b) = -6*b**3 - b**2 - 18*b - 30. Give i(-2).
50
Let f(w) = -w**3 - 38*w**2 + 157*w + 8184. Calculate f(-16).
40
Let g(d) = -29580*d + 4318675. What is g(146)?
-5
Let n(s) = -s**3 + 7*s**2 - 5744*s + 94204. What is n(16)?
-4
Let m(g) = -1533*g + 665320. What is m(434)?
-2
Let k(c) = -246*c + 23456. Determine k(96).
-160
Let q(n) = -417*n + 62576. Determine q(150).
26
Let o(t) = -t**2 + 52*t - 65. Give o(-18).
-1325
Let k(b) = -7844*b - 78436. Give k(-10).
4
Let v(t) = -1157820*t + 15051652. Determine v(13).
-8
Let n(p) = -2*p**3 + 105*p**2 + 584*p - 9. What is n(-5)?
-54
Let l(m) = m**3 + 38*m**2 + 178*m + 409. Give l(-33).
-20
Let q(i) = -i**3 + 10*i**2 - 80*i + 183. What is q(12)?
-1065
Let y(w) = -1279*w + 149734. Calculate y(117).
91
Let h(t) = t**3 + 14*t**2 - 321*t + 2163. Determine h(7).
945
Let u(b) = -b**3 - 117*b**2 + 3688*b - 4210. Calculate u(-143).
80
Let d(b) = -2*b**3 + 633*b**2 - 50086*b + 60. Determine d(159).
-99
Let d(w) = 61*w**2 - 169*w - 732. What is d(-4)?
920
Let y(s) = -s**2 - 75*s - 1111. Calculate y(-36).
293
Let b(u) = -u**3 + 4*u**2 - 11474*u + 80470. Calculate b(7).
5
Let i(u) = 188852*u - 377719. Give i(2).
-15
Let x(q) = 51*q**2 - 598*q + 607. What is x(1)?
60
Let f(c) = 184092*c - 1288520. Calculate f(7).
124
Let d(z) = -4*z**3 + 43*z**2 - 960*z + 10670. Give d(11).
-11
Let v(b) = -1697*b**2 - 1329*b - 1330. What is v(-1)?
-1698
Let o(l) = -49*l**2 - 940*l - 151. Calculate o(-19).
20
Let v(u) = -12*u**3 + 7*u**2 - 60*u + 175. Give v(3).
-266
Let d(n) = 6083*n - 237229. What is d(39)?
8
Let w(v) = -8568*v + 445563. Give w(52).
27
Let a(d) = -5110*d + 3888602. Determine a(761).
-108
Let g(t) = 2*t**3 + 26*t**2 + 281*t + 2589. Calculate g(-11).
-18
Let h(p) = -1152*p + 8142. Determine h(7).
78
Let f(t) = 72598*t - 1379363. What is f(19)?
-1
Let b(w) = 20905*w + 83725. Give b(-4).
105
Let u(s) = -5*s**2 - 43*s - 438. Give u(-10).
-508
Let z(g) = -g**3 - 554*g**2 - 3297*g - 603358. Give z(-550).
-8
Let v(b) = 319*b**2 + 4139*b + 13. Give v(-13).
117
Let x(i) = i**3 + 49*i**2 + 267*i - 7243. Determine x(-36).
-7
Let x(j) = -j**3 + 156*j**2 + 686*j - 8473. Determine x(160).
-1113
Let c(v) = -10*v**2 + 46150*v + 92301. Calculate c(-2).
-3